is divided by 469757.
20
What is the remainder when 50633 is divided by 12552?
425
Calculate the remainder when 1225133 is divided by 1126.
45
What is the remainder when 1177896 is divided by 9201?
168
What is the remainder when 45938661 is divided by 3533743?
2
What is the remainder when 760111 is divided by 58467?
40
Calculate the remainder when 46962440 is divided by 3760.
40
Calculate the remainder when 5122867 is divided by 731770.
477
Calculate the remainder when 2024394 is divided by 5384.
10
What is the remainder when 506297 is divided by 778?
597
What is the remainder when 20373866 is divided by 577?
573
Calculate the remainder when 16333283 is divided by 41.
31
Calculate the remainder when 17166966 is divided by 17166831.
135
Calculate the remainder when 2741307 is divided by 144279.
6
Calculate the remainder when 404557832 is divided by 2311759.
7
Calculate the remainder when 44098199 is divided by 1254.
35
Calculate the remainder when 28100 is divided by 999.
128
What is the remainder when 25236 is divided by 6107?
808
Calculate the remainder when 4299182 is divided by 213.
203
What is the remainder when 2510115 is divided by 961?
944
Calculate the remainder when 840746 is divided by 424.
378
What is the remainder when 41086 is divided by 10180?
366
Calculate the remainder when 87423 is divided by 5125.
298
What is the remainder when 122924 is divided by 1157?
282
What is the remainder when 9339 is divided by 9256?
83
What is the remainder when 435331 is divided by 17393?
506
Calculate the remainder when 1976262 is divided by 17.
12
What is the remainder when 19912588 is divided by 1?
0
What is the remainder when 4582921 is divided by 1842?
25
Calculate the remainder when 1431285747 is divided by 2250.
2247
What is the remainder when 18482884 is divided by 462072?
4
What is the remainder when 38121147 is divided by 15566?
13
What is the remainder when 13332718 is divided by 73?
71
What is the remainder when 24574 is divided by 2673?
517
Calculate the remainder when 12303 is divided by 6142.
19
What is the remainder when 27816987 is divided by 76?
75
What is the remainder when 22751 is divided by 5134?
2215
What is the remainder when 5507500 is divided by 5761?
5745
Calculate the remainder when 802676 is divided by 6222.
38
Calculate the remainder when 4306269 is divided by 365.
364
Calculate the remainder when 1129622 is divided by 6382.
8
What is the remainder when 33683656 is divided by 621?
616
Calculate the remainder when 1591075 is divided by 819.
577
What is the remainder when 27212844 is divided by 1467?
1461
What is the remainder when 12668574 is divided by 6334282?
10
What is the remainder when 1253450 is divided by 586?
582
What is the remainder when 27959 is divided by 9154?
497
Calculate the remainder when 1244015 is divided by 111.
38
Calculate the remainder when 470437 is divided by 40.
37
Calculate the remainder when 220718 is divided by 1258.
568
What is the remainder when 15398123 is divided by 42?
41
What is the remainder when 756190 is divided by 2049?
109
Calculate the remainder when 193716 is divided by 96822.
72
Calculate the remainder when 160342176 is divided by 149.
147
Calculate the remainder when 108429171 is divided by 333.
42
What is the remainder when 1006424 is divided by 335315?
479
Calculate the remainder when 5471135 is divided by 1637.
281
Calculate the remainder when 67900734 is divided by 16.
14
What is the remainder when 323702 is divided by 1222?
1094
Calculate the remainder when 99411 is divided by 23389.
5855
Calculate the remainder when 12980 is divided by 4748.
3484
Calculate the remainder when 557296 is divided by 185721.
133
What is the remainder when 14975 is divided by 2163?
1997
What is the remainder when 18764720 is divided by 1577?
1574
Calculate the remainder when 263797 is divided by 16487.
5
What is the remainder when 223255 is divided by 269?
254
Calculate the remainder when 42263468 is divided by 590.
588
Calculate the remainder when 24526144 is divided by 216.
208
Calculate the remainder when 26346351 is divided by 246.
243
Calculate the remainder when 7861681 is divided by 2620557.
10
Calculate the remainder when 212551 is divided by 212429.
122
Calculate the remainder when 1819603 is divided by 47.
45
Calculate the remainder when 87392 is divided by 43482.
428
What is the remainder when 2184631 is divided by 273045?
271
Calculate the remainder when 5465408 is divided by 44.
36
Calculate the remainder when 693378 is divided by 79.
74
What is the remainder when 777041 is divided by 68?
5
What is the remainder when 92890435 is divided by 4749?
4744
What is the remainder when 1821147 is divided by 21176?
11
What is the remainder when 23120093 is divided by 5?
3
Calculate the remainder when 3100786 is divided by 2044.
38
Calculate the remainder when 96749729 is divided by 9.
8
What is the remainder when 5703799 is divided by 3800?
3799
Calculate the remainder when 19752537 is divided by 3950504.
17
Calculate the remainder when 404966 is divided by 147.
128
What is the remainder when 3812524 is divided by 87?
10
Calculate the remainder when 9018 is divided by 3563.
1892
Calculate the remainder when 6496884 is divided by 46406.
44
Calculate the remainder when 13765553 is divided by 7866.
53
Calculate the remainder when 2029273 is divided by 110.
103
Calculate the remainder when 969649 is divided by 969607.
42
What is the remainder when 944860 is divided by 472402?
56
What is the remainder when 124118329 is divided by 8252?
8249
Calculate the remainder when 36600438 is divided by 20.
18
Calculate the remainder when 1519381 is divided by 2122.
29
Calculate the remainder when 4206229 is divided by 3574.
3205
What is the remainder when 6862898 is divided by 1372579?
3
What is the remainder when 11075911 is divided by 738393?
16
What is the remainder when 1986747 is divided by 44?
15
What is the remainder when 397701 is divided by 8807?
1386
What is the remainder when 1388086 is divided by 462672?
70
Calculate the remainder when 120535616 is divided by 29.
16
What is the remainder when 8638300 is divided by 196324?
44
Calculate the remainder when 189813 is divided by 135.
3
Calculate the remainder when 221615 is divided by 24.
23
What is the remainder when 5884143 is divided by 26?
5
What is the remainder when 982976 is divided by 458?
108
What is the remainder when 2749911 is divided by 686?
423
What is the remainder when 103687 is divided by 120?
7
What is the remainder when 695948711 is divided by 1752?
1751
What is the remainder when 29649872 is divided by 222?
218
What is the remainder when 31806357 is divided by 15903166?
25
Calculate the remainder when 2932754 is divided by 1564.
254
What is the remainder when 3877 is divided by 1881?
115
Calculate the remainder when 3684364 is divided by 38.
36
What is the remainder when 7157945 is divided by 1550?
45
What is the remainder when 4306511 is divided by 1076603?
99
Calculate the remainder when 46349060 is divided by 2136.
2132
What is the remainder when 763625 is divided by 95449?
33
What is the remainder when 1716490 is divided by 11363?
677
What is the remainder when 249518 is divided by 16?
14
Calculate the remainder when 2757499 is divided by 62.
49
What is the remainder when 413395 is divided by 1797?
85
Calculate the remainder when 83171 is divided by 26836.
2663
What is the remainder when 77847 is divided by 12874?
603
Calculate the remainder when 3872166 is divided by 223.
217
Calculate the remainder when 1096412 is divided by 219282.
2
Calculate the remainder when 8253 is divided by 490.
413
Calculate the remainder when 1781828 is divided by 1228.
0
What is the remainder when 3153332 is divided by 225234?
56
What is the remainder when 1522880 is divided by 507304?
968
What is the remainder when 169769 is divided by 9421?
191
Calculate the remainder when 2606111 is divided by 1190.
11
What is the remainder when 46249 is divided by 10136?
5705
What is the remainder when 1497447 is divided by 26271?
0
Calculate the remainder when 52073059 is divided by 10.
9
Calculate the remainder when 61589 is divided by 60984.
605
What is the remainder when 35935498 is divided by 15?
13
Calculate the remainder when 121073 is divided by